{"id":769,"date":"2018-09-24T15:08:06","date_gmt":"2018-09-24T15:08:06","guid":{"rendered":"https:\/\/ostseeferienhaus-findling.de\/?page_id=769"},"modified":"2018-12-12T22:07:47","modified_gmt":"2018-12-12T22:07:47","slug":"lage","status":"publish","type":"page","link":"https:\/\/ostseeferienhaus-findling.de\/?page_id=769","title":{"rendered":"Lage"},"content":{"rendered":"<p>Das Ferienhaus &#8222;FINDLING&#8220; befindet sich auf ein 1500 m\u00b2 gro\u00dfen Grundst\u00fcck in traumhafter ruhiger Lage an einem kleinen W\u00e4ldchen \u00f6stlich des Ostseebades Rerik. Das Haus finden sie am Ende einer Sackgasse, somit ist hier &#8222;Autol\u00e4rm&#8220; ein Fremdwort.<\/p>\n<p>Trotzdem k\u00f6nnen Sie zu Fu\u00df alle Einkaufsm\u00f6glichkeiten, den Strand der Ostsee, Steilk\u00fcste oder D\u00fcne, das Salzhaff mit Segler- und Fischereianleger, Bootsverleih, Schiffstouren, Fahrradf\u00e4hre zur Insel Poel, die Seebr\u00fccke, den Haffplatz mit Restaurants und Caf\u00e9s erreichen.<\/p>\n<p>Spazierg\u00e4nge, Wanderungen oder Fahrradtouren k\u00f6nnen Sie direkt am Ferienhaus beginnen. F\u00fcr Radfahrer und Naturliebhaber ist die Umgebung ein echtes Paradies. Immer wieder bieten sich Aussichtspunkte mit freiem Blick auf die Ostsee. Nutzen Sie die wundersch\u00f6ne Gegend f\u00fcr einen Aktivurlaub oder lassen Sie einfach auf dem gro\u00dfz\u00fcgigen Grundst\u00fcck die Seele baumeln.<\/p>\n<h2>Entfernung<\/h2>\n<ul>\n<li>zum Bahnhof: 12,00 km<\/li>\n<li>zur Apotheke: 2,1 km<\/li>\n<li>zum Arzt: 2 km<\/li>\n<li>zum EC-Automat: 2 km<\/li>\n<li>zum Supermarkt: 2,1 km<\/li>\n<li>zum Stadtzentrum: 2,5 km<\/li>\n<li>zum Strand: 1,6 km<\/li>\n<li>zur Autobahn: 30,00 km<\/li>\n<li>zum Bus: 2,00 km<\/li>\n<\/ul>\n<p><script>\nfunction block(){\n    document.getElementById(\"karte\").src=\"https:\/\/www.google.com\/maps\/embed?pb=!1m18!1m12!1m3!1d2256.5262054851355!2d11.641649251210251!3d54.11367362456152!2m3!1f0!2f0!3f0!3m2!1i1024!2i768!4f13.1!3m3!1m2!1s0x47ada5f4051d7f0f%3A0x3af5f3529f9c76ee!2sOstseeferienhaus+Findling!5e1!3m2!1sde!2sde!4v1537807439652\";\n  document.getElementById(\"bild\").style.display = \"none\";\n  document.getElementById(\"karte\").style.display = \"block\";\n}\n   <\/script><\/p>\n<p><a id=\"bild\" href=\"#google\" onClick=\"block()\"><br \/>\n<img decoding=\"async\" src=\"https:\/\/ostseeferienhaus-findling.de\/wp-content\/uploads\/2018\/09\/googlemaps.jpg\" width=\"100%\" height=\"360px\" \/><br \/>\n<\/a><\/p>\n<p><iframe id=\"karte\" style=\"border: 0;\" width=\"100%\" height=\"360px\" frameborder=\"0\"><\/iframe><\/p>\n","protected":false},"excerpt":{"rendered":"<p>Das Ferienhaus &#8222;FINDLING&#8220; befindet sich auf ein 1500 m\u00b2 gro\u00dfen Grundst\u00fcck in traumhafter ruhiger Lage an einem kleinen W\u00e4ldchen \u00f6stlich des Ostseebades Rerik. Das Haus finden sie am Ende einer Sackgasse, somit ist hier &#8222;Autol\u00e4rm&#8220; ein Fremdwort. Trotzdem k\u00f6nnen Sie zu Fu\u00df alle Einkaufsm\u00f6glichkeiten, den Strand der Ostsee, Steilk\u00fcste oder D\u00fcne, das Salzhaff mit Segler-<\/p>\n<div class=\"\" ><a class=\"custom-btn book-sm\" href=\"https:\/\/ostseeferienhaus-findling.de\/?page_id=769\"><i class=\"fa fa-chevron-circle-right\"><\/i>&#8230; mehr<\/a><\/div>\n","protected":false},"author":2,"featured_media":773,"parent":8,"menu_order":7,"comment_status":"closed","ping_status":"closed","template":"","meta":{"footnotes":""},"_links":{"self":[{"href":"https:\/\/ostseeferienhaus-findling.de\/index.php?rest_route=\/wp\/v2\/pages\/769"}],"collection":[{"href":"https:\/\/ostseeferienhaus-findling.de\/index.php?rest_route=\/wp\/v2\/pages"}],"about":[{"href":"https:\/\/ostseeferienhaus-findling.de\/index.php?rest_route=\/wp\/v2\/types\/page"}],"author":[{"embeddable":true,"href":"https:\/\/ostseeferienhaus-findling.de\/index.php?rest_route=\/wp\/v2\/users\/2"}],"replies":[{"embeddable":true,"href":"https:\/\/ostseeferienhaus-findling.de\/index.php?rest_route=%2Fwp%2Fv2%2Fcomments&post=769"}],"version-history":[{"count":39,"href":"https:\/\/ostseeferienhaus-findling.de\/index.php?rest_route=\/wp\/v2\/pages\/769\/revisions"}],"predecessor-version":[{"id":953,"href":"https:\/\/ostseeferienhaus-findling.de\/index.php?rest_route=\/wp\/v2\/pages\/769\/revisions\/953"}],"up":[{"embeddable":true,"href":"https:\/\/ostseeferienhaus-findling.de\/index.php?rest_route=\/wp\/v2\/pages\/8"}],"wp:featuredmedia":[{"embeddable":true,"href":"https:\/\/ostseeferienhaus-findling.de\/index.php?rest_route=\/wp\/v2\/media\/773"}],"wp:attachment":[{"href":"https:\/\/ostseeferienhaus-findling.de\/index.php?rest_route=%2Fwp%2Fv2%2Fmedia&parent=769"}],"curies":[{"name":"wp","href":"https:\/\/api.w.org\/{rel}","templated":true}]}}